 divided by c.
0
Let m = -8 - -14. Suppose -168 = -m*n + 18. Let j = 48 - n. What is the remainder when 66 is divided by j?
15
Suppose -2*g = -3*u + 2*g + 49, 19 = u - 2*g. Let t = 16 + u. What is the remainder when t is divided by 7?
6
Let s(p) = 85*p**2 - 17*p - 18. What is the remainder when s(-1) is divided by 38?
8
Suppose 4*z = -4*f + 12, -z - 2*f = -3 - 0. What is the remainder when 20 is divided by z?
2
Let r(d) = -3 + 4*d - 14 - 17. What is the remainder when 37 is divided by r(11)?
7
Suppose 0 = -0*f + 3*f - 99. What is the remainder when ((-3)/12)/(1/(-520)) is divided by f?
31
Suppose 5 = 4*l - 67. What is the remainder when (286/(-4))/(25/(-10) - -2) is divided by l?
17
Suppose -2*h + 26 = 4*y, -5*y + 10*y + 72 = 3*h. What is the remainder when h is divided by 10?
9
Let f = -6 - -32. Suppose -26*d = -1238 - 88. Calculate the remainder when d is divided by f.
25
Let o = -15 + 29. What is the remainder when 181 is divided by o?
13
Suppose 2*t + 1 = w, 4 = 5*w - 11. Calculate the remainder when 68 is divided by 8 + (t - (-1 + 0)).
8
Suppose 5*r + 4*b - 215 = 3*b, 5*r - 2*b = 230. Let s = 72 + r. Calculate the remainder when s is divided by 30.
26
Suppose 53*m - 66*m = -52. What is the remainder when 23 is divided by m?
3
Let h(f) = 7*f**3 - 4*f**2 - 2*f - 9. Let b(v) = 12*v**3 - 7*v**2 - 4*v - 19. Let o(t) = -3*b(t) + 5*h(t). Calculate the remainder when 35 is divided by o(0).
11
Suppose -210 = -403*h + 393*h. Calculate the remainder when 649 is divided by h.
19
Let b(n) = n + 9. Suppose 2*r - 4 = 0, -5*w - r = 2*r - 36. What is the remainder when 88 is divided by b(w)?
13
Suppose 2*c + x = 15, -3*x = -4*c - 4*x + 27. Let f = -8 - -11. What is the remainder when c is divided by (7 + -5)*f/2?
0
Suppose -3*b = 3*z - 159, 119 = -4*b + 3*z + 338. Calculate the remainder when 62 is divided by b.
8
Let q(o) = -2*o**3 - 7*o**2 - 14*o - 14. Calculate the remainder when 183 is divided by q(-3).
12
Let w = -127 - -133. What is the remainder when 39 is divided by w?
3
Suppose 10 = -s + 34. Suppose -5*b + 4*m + 152 = -3*b, 3 = -3*m. What is the remainder when b is divided by s?
2
Let k(u) = 5*u + 9. Let a be k(-8). Let s = 22 + a. Calculate the remainder when s*(-7 + -1 - 3) is divided by 25.
24
Let m = -77 - -49. Let n = m + 50. What is the remainder when 65 is divided by n?
21
Let v = -211 - -248. What is the remainder when v is divided by 12?
1
Let i(s) = 3*s**2 - 2. What is the remainder when -24*(-6)/4 - 9 is divided by i(-2)?
7
Suppose -4*o - 9 + 265 = 0. Calculate the remainder when o is divided by (-130)/5*2/(-4).
12
Let i = -13 - -20. Suppose -6 = -4*x + 30. Calculate the remainder when x is divided by i.
2
Let p(o) = o**3 + 9*o**2 - 8*o - 119. Let w(l) = 9*l**2 + 2*l + 3. What is the remainder when w(-2) is divided by p(-8)?
8
Suppose 0 = s - 4*h - 19, -2*s + 6*h + 46 = 2*h. Let o(n) = n**3 + 5*n**2 + 3*n + 3. What is the remainder when s is divided by o(-4)?
6
Calculate the remainder when 309 is divided by 6698/102 + 4/12.
45
What is the remainder when ((-622)/(-3))/(122/183) is divided by 79?
74
Suppose -1 = -j + 2. Suppose -36 = -j*z - z. Let h = 7 - 3. What is the remainder when z is divided by h?
1
Let g be (56/42)/((-2)/(-66)). What is the remainder when 52 is divided by g/(4 + -2) + -4?
16
Suppose 0 = -0*z - 2*z - 44. Let k be 42/4 + (-33)/z. Let y = 21 - k. Calculate the remainder when 34 is divided by y.
7
Suppose -12*y + 204 = -84. Calculate the remainder when 311 is divided by y.
23
Suppose -19*x + 29*x = 100. Let h = 46 + -17. What is the remainder when h is divided by x?
9
Suppose 5*d - 7 - 3 = 0. Let l be (79/(-5))/((-1)/5). Suppose -q + d*q = l. Calculate the remainder when q is divided by 20.
19
Let a = 4989 + -9141. What is the remainder when (-2)/10 + a/(-60) is divided by 18?
15
Let d = 67 - 57. Suppose d = -i + 4*x + 45, 3*i - 121 = -4*x. Calculate the remainder when i is divided by 21.
18
Let d(p) = p + 92. Calculate the remainder when 258 is divided by d(-40).
50
Let p(z) = 8*z + 26. Let c(b) = -7*b - 26. Let a(h) = 4*c(h) + 3*p(h). Let f = -3 + 7. Calculate the remainder when f is divided by a(-7).
0
Let v = 2 + 8. Let u(x) be the third derivative of x**4/6 - 11*x**3/6 + 2*x**2. What is the remainder when u(10) is divided by v?
9
Let p be -1 + 6/(-10)*-5. Suppose -p*y = 26 - 68. What is the remainder when 83 is divided by y?
20
Let c(z) = 9*z**3 - z**2 - 5*z - 25. What is the remainder when c(4) is divided by 47?
45
Let g(t) = -19*t + 247. Calculate the remainder when g(0) is divided by 67.
46
Suppose 3*m = w + 55, w - 47 = 3*m - 6*m. Suppose 24*g - 816 - 792 = 0. Calculate the remainder when g is divided by m.
16
Let x = 7235 + -7028. Suppose 5*b - 80 = 185. Calculate the remainder when x is divided by b.
48
Let m(s) = 3*s + 8. Let d(j) = 16*j + 39. Let y(n) = -2*d(n) + 11*m(n). Let h be y(-7). Calculate the remainder when h/6 + (-140)/(-8) is divided by 10.
8
Let u = 918 - 916. Calculate the remainder when 70 is divided by u.
0
Let q be (-2)/(-3)*(-1)/3*-9. Calculate the remainder when 24 is divided by 10/q*(9 + -8).
4
Suppose 5*y - 41*y = -936. Calculate the remainder when 94 is divided by y.
16
What is the remainder when 40 is divided by (-2)/4 + 69/6?
7
Let t(r) = -3*r - 2. Let y = -10 - -7. Let f(u) = 13*u. Calculate the remainder when f(1) is divided by t(y).
6
What is the remainder when 100 is divided by (-9 + 11)/(4/74)?
26
Suppose 5*d = 3*u - 5, 0 = -u - 2*u - 3*d + 45. What is the remainder when 16 is divided by u?
6
Let q(g) = 3*g + 23. Calculate the remainder when (-79)/(-9) - (-4)/18 is divided by q(-6).
4
Suppose 3*q - 142 = 206. Suppose 20 = 5*m, -4*p = -2*m - 2*m - q. What is the remainder when p is divided by 18?
15
Let z = 151 - 83. Calculate the remainder when z is divided by 3 - (-138)/7 - (-6)/21.
22
Let k(s) = s + 5. Let u = -14 + 21. Calculate the remainder when k(7) is divided by u.
5
Let p(v) = -v + 4. Suppose 5*g + m + 1343 - 294 = 0, 0 = g - 3*m + 197. Calculate the remainder when g/(-55) + 1/5 is divided by p(2).
0
Suppose 0 = -2*g + 98 - 20. Suppose -v - 5*y = 17, -v + 4*v = 3*y + g. Calculate the remainder when 7 is divided by 60/48 + 6/v.
1
Let c(s) = -s**3 - 12*s**2 - 4*s - 24. Let q(h) = -h**3 + 23*h**2 + 24*h - 12. Let t be q(24). Calculate the remainder when 94 is divided by c(t).
22
What is the remainder when 389 is divided by 1479/58*(1/(-1) - -5)?
83
Suppose -u = -2*s + 18, 3*s + 4*u - 23 = -7. What is the remainder when 142 is divided by s?
6
Let t(v) = -v**3 - 5*v**2 + 18*v - 11. Let z be t(-8). Suppose -z*a = -33*a - 260. What is the remainder when a is divided by 11?
10
Let f = 20 + -1. Suppose 0 = 3*o + a - 76, f = 2*o + 3*a - 20. Calculate the remainder when 77 is divided by o.
23
Let w = 178 + -70. Let c = w - 100. Calculate the remainder when 69 is divided by c.
5
Calculate the remainder when 35 is divided by (3/(-30)*5)/((-1)/10).
0
Suppose 4*r + c = 18, 0 = -2*c - 3*c - 10. Suppose 5*p - p - v - 46 = 0, 5*p - 65 = r*v. What is the remainder when 20 is divided by p?
9
Let x be (-56)/(-4)*(-2 + 0 + 1). Let i(c) = c**3 + 14*c**2 - 3*c. What is the remainder when i(x) is divided by 9?
6
Suppose -5*r + 102 = 7. Calculate the remainder when 36 is divided by r.
17
Let q = 100 - 91. Let w(n) = -33*n**2 - 1. Let b be w(1). Calculate the remainder when (0 - 4)*b/8 is divided by q.
8
Let k(i) = 3*i**3 - 23*i**2 + 3*i + 19. What is the remainder when k(9) is divided by 31?
29
Suppose 4*m - 3*f + 7 + 0 = 0, f = 1. Suppose 79*w = 80*w - 15. What is the remainder when w is divided by (2*-3)/(-2 - m)?
3
Let y(l) = -3*l**3 - 2*l**2 - 3*l - 1. Let n be y(-1). Suppose -5*a - t + 243 = 0, 145 = n*a + 2*t - t. Calculate the remainder when 146 is divided by a.
48
Let g = 822 + -792. Calculate the remainder when g is divided by 8.
6
Let x = -11 + 23. Suppose -5*c - x = -37. Suppose -9 = -k - 0. What is the remainder when k is divided by c?
4
Suppose -n = -4*v - 3 + 6, 3*n = -3*v + 21. Suppose y - 4*y = -4*p - 62, 5*y + p = 88. Let r = 1 + y. What is the remainder when r is divided by n?
4
Let t = -75 - -81. Suppose -3*i + t*i - 3*p = 48, 4*i - 64 = 5*p. Calculate the remainder when i is divided by 7.
2
What is the remainder when (-62 - -66)*3/(-12)*-70 is divided by 6/2*(-1 - -9)?
2